{"id":49,"date":"2022-02-15T14:08:51","date_gmt":"2022-02-15T14:08:51","guid":{"rendered":"https:\/\/chambreavecvue.ch\/wordpress\/?page_id=49"},"modified":"2022-03-17T13:47:44","modified_gmt":"2022-03-17T13:47:44","slug":"la-region","status":"publish","type":"page","link":"https:\/\/chambreavecvue.ch\/wordpress\/la-region\/","title":{"rendered":"La r\u00e9gion"},"content":{"rendered":"\n<div class=\"wp-block-group tw-mb-8 tw-mt-0 is-style-twentytwentyone-border has-border-color has-subtle-border-color\" style=\"border-width:1px\"><div class=\"wp-block-group__inner-container is-layout-flow wp-block-group-is-layout-flow\">\n<h2 class=\"has-text-color wp-block-heading\" id=\"pourquoi-rivaz-1\" style=\"color:#88aaaa\">La r\u00e9gion<\/h2>\n\n\n\n<p id=\"ete-comme-hiver-la-region-offre-une-multitude-d-activites-sportives-ou-culturelles-et-nous-vous-conseillerons-volontiers-sur-les-activites-et-balades-a-faire-dans-la-region\">Et\u00e9 comme hiver, la r\u00e9gion offre une multitude d\u2019activit\u00e9s sportives ou culturelles, et nous vous conseillerons volontiers sur les activit\u00e9s et balades \u00e0 faire dans la r\u00e9gion.<\/p>\n\n\n\n<p class=\"tw-text-wide\" id=\"vous-trouverez-dans-la-maison-de-nombreuses-documentations-guides-touristiques-cartes-afin-que-vous-ne-perdiez-pas-de-temps-a-decouvrir-les-meilleurs-endroits\">Vous trouverez dans la maison&nbsp;de nombreuses documentations, guides touristiques, cartes\u2026, afin que vous ne perdiez pas de temps \u00e0 d\u00e9couvrir&nbsp;les meilleurs endroits !<\/p>\n<\/div><\/div>\n\n\n\n<div class=\"wp-block-group is-style-twentytwentyone-border has-border-color has-subtle-border-color\" style=\"border-width:1px\"><div class=\"wp-block-group__inner-container is-layout-flow wp-block-group-is-layout-flow\">\n<h2 class=\"has-text-color wp-block-heading\" id=\"pourquoi-rivaz-1\" style=\"color:#88aaaa\">Nous recommandons<\/h2>\n\n\n\n<div class=\"wp-block-columns is-layout-flex wp-container-core-columns-is-layout-d0b3c9c8 wp-block-columns-is-layout-flex\">\n<div class=\"wp-block-column is-layout-flow wp-block-column-is-layout-flow\">\n<h3 class=\"wp-block-heading\">Visites<\/h3>\n\n\n\n<p><a href=\"https:\/\/www.sbb.ch\/fr\/\" target=\"_blank\" rel=\"noreferrer noopener\"> \u27f6 CFF<br><\/a>Pour les horaires de train et l&rsquo;achat de billets en ligne<\/p>\n\n\n\n<p><a href=\"https:\/\/www.montreuxriviera.com\/fr\/\" target=\"_blank\" rel=\"noreferrer noopener\">\u27f6 Montreux Riviera<br><\/a>Pour des id\u00e9es de sorties, balades et restos<\/p>\n\n\n\n<p><a href=\"https:\/\/www.lausanne-tourisme.ch\/fr\/\" target=\"_blank\" rel=\"noreferrer noopener\">\u27f6 Lausanne Tourisme<\/a><br>Pour d\u00e9couvrir la capitale olympique<\/p>\n\n\n\n<p><a href=\"https:\/\/www.myswitzerland.com\/fr-ch\/\" target=\"_blank\" rel=\"noreferrer noopener\">\u27f6 My Switzerland<br><\/a>Voyager en Suisse<\/p>\n\n\n\n<p><\/p>\n<\/div>\n\n\n\n<div class=\"wp-block-column is-layout-flow wp-block-column-is-layout-flow\">\n<h3 class=\"wp-block-heading\">Domaines viticoles<\/h3>\n\n\n\n<p><a href=\"https:\/\/www.domaine-ruchonnet.ch\/\" target=\"_blank\" rel=\"noreferrer noopener\">\u27f6 Domaine Ruchonnet<\/a><br>Rivaz<\/p>\n\n\n\n<p><a href=\"https:\/\/www.domainemonachon.com\/\" target=\"_blank\" rel=\"noreferrer noopener\">\u27f6 Domaine Monachon<\/a><br>Rivaz<\/p>\n\n\n\n<p><a href=\"https:\/\/www.domainedesdeserts.ch\/\" target=\"_blank\" rel=\"noreferrer noopener\">\u27f6 Domaine des D\u00e9serts<\/a><br>Rivaz<\/p>\n\n\n\n<p><a href=\"http:\/\/www.domainechappuis.ch\/\" target=\"_blank\" rel=\"noreferrer noopener\">\u27f6 Domaine Chappuis<\/a><br>Rivaz<\/p>\n\n\n\n<p><\/p>\n<\/div>\n\n\n\n<div class=\"wp-block-column is-layout-flow wp-block-column-is-layout-flow\">\n<h3 class=\"wp-block-heading\">Restaurants<\/h3>\n\n\n\n<p><a href=\"https:\/\/www.alademilune.ch\/\" target=\"_blank\" rel=\"noreferrer noopener\">\u27f6 \u00c0 la Demi-Lune<\/a><br>Chardonne<\/p>\n\n\n\n<p><a href=\"https:\/\/www.zefork.ch\/\">\u27f6 Ze Fork on the Water<\/a><br>Vevey<\/p>\n\n\n\n<p><a href=\"https:\/\/www.aubergeduvigneron.ch\/\">\u27f6 Auberge du Vigneron<\/a><br>Epesses<\/p>\n<\/div>\n<\/div>\n<\/div><\/div>\n\n\n\nngg_shortcode_0_placeholder\n","protected":false},"excerpt":{"rendered":"<p>La r\u00e9gion Et\u00e9 comme hiver, la r\u00e9gion offre une multitude d\u2019activit\u00e9s sportives ou culturelles, et nous vous conseillerons volontiers sur les activit\u00e9s et balades \u00e0 faire dans la r\u00e9gion. Vous trouverez dans la maison&nbsp;de nombreuses documentations, guides touristiques, cartes\u2026, afin que vous ne perdiez pas de temps \u00e0 d\u00e9couvrir&nbsp;les meilleurs endroits ! Nous recommandons Visites&hellip; <a class=\"more-link\" href=\"https:\/\/chambreavecvue.ch\/wordpress\/la-region\/\">Poursuivre la lecture <span class=\"screen-reader-text\">La r\u00e9gion<\/span><\/a><\/p>\n","protected":false},"author":1,"featured_media":0,"parent":0,"menu_order":0,"comment_status":"closed","ping_status":"closed","template":"tw-no-title.php","meta":{"ngg_post_thumbnail":0,"footnotes":"","_links_to":"","_links_to_target":""},"class_list":["post-49","page","type-page","status-publish","hentry","entry"],"yoast_head":"<!-- This site is optimized with the Yoast SEO plugin v27.3 - https:\/\/yoast.com\/product\/yoast-seo-wordpress\/ -->\n<title>La r\u00e9gion - Chambre avec vue<\/title>\n<meta name=\"description\" content=\"Et\u00e9 comme hiver, le Lavaux offre une multitude d\u2019activit\u00e9s sportives ou culturelles. Proches de la nature, de Montreux et Lausanne.\" \/>\n<meta name=\"robots\" content=\"index, follow, max-snippet:-1, max-image-preview:large, max-video-preview:-1\" \/>\n<link rel=\"canonical\" href=\"https:\/\/chambreavecvue.ch\/wordpress\/la-region\/\" \/>\n<meta property=\"og:locale\" content=\"fr_FR\" \/>\n<meta property=\"og:type\" content=\"article\" \/>\n<meta property=\"og:title\" content=\"La r\u00e9gion - Chambre avec vue\" \/>\n<meta property=\"og:description\" content=\"Et\u00e9 comme hiver, le Lavaux offre une multitude d\u2019activit\u00e9s sportives ou culturelles. Proches de la nature, de Montreux et Lausanne.\" \/>\n<meta property=\"og:url\" content=\"https:\/\/chambreavecvue.ch\/wordpress\/la-region\/\" \/>\n<meta property=\"og:site_name\" content=\"Chambre avec vue\" \/>\n<meta property=\"article:modified_time\" content=\"2022-03-17T13:47:44+00:00\" \/>\n<meta name=\"twitter:card\" content=\"summary_large_image\" \/>\n<meta name=\"twitter:label1\" content=\"Dur\u00e9e de lecture estim\u00e9e\" \/>\n\t<meta name=\"twitter:data1\" content=\"1 minute\" \/>\n<script type=\"application\/ld+json\" class=\"yoast-schema-graph\">{\"@context\":\"https:\\\/\\\/schema.org\",\"@graph\":[{\"@type\":\"WebPage\",\"@id\":\"https:\\\/\\\/chambreavecvue.ch\\\/wordpress\\\/la-region\\\/\",\"url\":\"https:\\\/\\\/chambreavecvue.ch\\\/wordpress\\\/la-region\\\/\",\"name\":\"La r\u00e9gion - Chambre avec vue\",\"isPartOf\":{\"@id\":\"https:\\\/\\\/chambreavecvue.ch\\\/wordpress\\\/#website\"},\"datePublished\":\"2022-02-15T14:08:51+00:00\",\"dateModified\":\"2022-03-17T13:47:44+00:00\",\"description\":\"Et\u00e9 comme hiver, le Lavaux offre une multitude d\u2019activit\u00e9s sportives ou culturelles. Proches de la nature, de Montreux et Lausanne.\",\"breadcrumb\":{\"@id\":\"https:\\\/\\\/chambreavecvue.ch\\\/wordpress\\\/la-region\\\/#breadcrumb\"},\"inLanguage\":\"fr-FR\",\"potentialAction\":[{\"@type\":\"ReadAction\",\"target\":[\"https:\\\/\\\/chambreavecvue.ch\\\/wordpress\\\/la-region\\\/\"]}]},{\"@type\":\"BreadcrumbList\",\"@id\":\"https:\\\/\\\/chambreavecvue.ch\\\/wordpress\\\/la-region\\\/#breadcrumb\",\"itemListElement\":[{\"@type\":\"ListItem\",\"position\":1,\"name\":\"Home\",\"item\":\"https:\\\/\\\/chambreavecvue.ch\\\/wordpress\\\/\"},{\"@type\":\"ListItem\",\"position\":2,\"name\":\"La r\u00e9gion\"}]},{\"@type\":\"WebSite\",\"@id\":\"https:\\\/\\\/chambreavecvue.ch\\\/wordpress\\\/#website\",\"url\":\"https:\\\/\\\/chambreavecvue.ch\\\/wordpress\\\/\",\"name\":\"Chambre avec vue\",\"description\":\"Location de vacances en Lavaux\",\"publisher\":{\"@id\":\"https:\\\/\\\/chambreavecvue.ch\\\/wordpress\\\/#organization\"},\"potentialAction\":[{\"@type\":\"SearchAction\",\"target\":{\"@type\":\"EntryPoint\",\"urlTemplate\":\"https:\\\/\\\/chambreavecvue.ch\\\/wordpress\\\/?s={search_term_string}\"},\"query-input\":{\"@type\":\"PropertyValueSpecification\",\"valueRequired\":true,\"valueName\":\"search_term_string\"}}],\"inLanguage\":\"fr-FR\"},{\"@type\":\"Organization\",\"@id\":\"https:\\\/\\\/chambreavecvue.ch\\\/wordpress\\\/#organization\",\"name\":\"Chambre avec vue\",\"url\":\"https:\\\/\\\/chambreavecvue.ch\\\/wordpress\\\/\",\"logo\":{\"@type\":\"ImageObject\",\"inLanguage\":\"fr-FR\",\"@id\":\"https:\\\/\\\/chambreavecvue.ch\\\/wordpress\\\/#\\\/schema\\\/logo\\\/image\\\/\",\"url\":\"https:\\\/\\\/chambreavecvue.ch\\\/wordpress\\\/wp-content\\\/uploads\\\/2022\\\/02\\\/chambreavecvue_logo_clr.png\",\"contentUrl\":\"https:\\\/\\\/chambreavecvue.ch\\\/wordpress\\\/wp-content\\\/uploads\\\/2022\\\/02\\\/chambreavecvue_logo_clr.png\",\"width\":800,\"height\":473,\"caption\":\"Chambre avec vue\"},\"image\":{\"@id\":\"https:\\\/\\\/chambreavecvue.ch\\\/wordpress\\\/#\\\/schema\\\/logo\\\/image\\\/\"},\"sameAs\":[\"https:\\\/\\\/www.instagram.com\\\/chambreavecvue.ch\"]}]}<\/script>\n<!-- \/ Yoast SEO plugin. -->","yoast_head_json":{"title":"La r\u00e9gion - Chambre avec vue","description":"Et\u00e9 comme hiver, le Lavaux offre une multitude d\u2019activit\u00e9s sportives ou culturelles. Proches de la nature, de Montreux et Lausanne.","robots":{"index":"index","follow":"follow","max-snippet":"max-snippet:-1","max-image-preview":"max-image-preview:large","max-video-preview":"max-video-preview:-1"},"canonical":"https:\/\/chambreavecvue.ch\/wordpress\/la-region\/","og_locale":"fr_FR","og_type":"article","og_title":"La r\u00e9gion - Chambre avec vue","og_description":"Et\u00e9 comme hiver, le Lavaux offre une multitude d\u2019activit\u00e9s sportives ou culturelles. Proches de la nature, de Montreux et Lausanne.","og_url":"https:\/\/chambreavecvue.ch\/wordpress\/la-region\/","og_site_name":"Chambre avec vue","article_modified_time":"2022-03-17T13:47:44+00:00","twitter_card":"summary_large_image","twitter_misc":{"Dur\u00e9e de lecture estim\u00e9e":"1 minute"},"schema":{"@context":"https:\/\/schema.org","@graph":[{"@type":"WebPage","@id":"https:\/\/chambreavecvue.ch\/wordpress\/la-region\/","url":"https:\/\/chambreavecvue.ch\/wordpress\/la-region\/","name":"La r\u00e9gion - Chambre avec vue","isPartOf":{"@id":"https:\/\/chambreavecvue.ch\/wordpress\/#website"},"datePublished":"2022-02-15T14:08:51+00:00","dateModified":"2022-03-17T13:47:44+00:00","description":"Et\u00e9 comme hiver, le Lavaux offre une multitude d\u2019activit\u00e9s sportives ou culturelles. Proches de la nature, de Montreux et Lausanne.","breadcrumb":{"@id":"https:\/\/chambreavecvue.ch\/wordpress\/la-region\/#breadcrumb"},"inLanguage":"fr-FR","potentialAction":[{"@type":"ReadAction","target":["https:\/\/chambreavecvue.ch\/wordpress\/la-region\/"]}]},{"@type":"BreadcrumbList","@id":"https:\/\/chambreavecvue.ch\/wordpress\/la-region\/#breadcrumb","itemListElement":[{"@type":"ListItem","position":1,"name":"Home","item":"https:\/\/chambreavecvue.ch\/wordpress\/"},{"@type":"ListItem","position":2,"name":"La r\u00e9gion"}]},{"@type":"WebSite","@id":"https:\/\/chambreavecvue.ch\/wordpress\/#website","url":"https:\/\/chambreavecvue.ch\/wordpress\/","name":"Chambre avec vue","description":"Location de vacances en Lavaux","publisher":{"@id":"https:\/\/chambreavecvue.ch\/wordpress\/#organization"},"potentialAction":[{"@type":"SearchAction","target":{"@type":"EntryPoint","urlTemplate":"https:\/\/chambreavecvue.ch\/wordpress\/?s={search_term_string}"},"query-input":{"@type":"PropertyValueSpecification","valueRequired":true,"valueName":"search_term_string"}}],"inLanguage":"fr-FR"},{"@type":"Organization","@id":"https:\/\/chambreavecvue.ch\/wordpress\/#organization","name":"Chambre avec vue","url":"https:\/\/chambreavecvue.ch\/wordpress\/","logo":{"@type":"ImageObject","inLanguage":"fr-FR","@id":"https:\/\/chambreavecvue.ch\/wordpress\/#\/schema\/logo\/image\/","url":"https:\/\/chambreavecvue.ch\/wordpress\/wp-content\/uploads\/2022\/02\/chambreavecvue_logo_clr.png","contentUrl":"https:\/\/chambreavecvue.ch\/wordpress\/wp-content\/uploads\/2022\/02\/chambreavecvue_logo_clr.png","width":800,"height":473,"caption":"Chambre avec vue"},"image":{"@id":"https:\/\/chambreavecvue.ch\/wordpress\/#\/schema\/logo\/image\/"},"sameAs":["https:\/\/www.instagram.com\/chambreavecvue.ch"]}]}},"_links":{"self":[{"href":"https:\/\/chambreavecvue.ch\/wordpress\/wp-json\/wp\/v2\/pages\/49","targetHints":{"allow":["GET"]}}],"collection":[{"href":"https:\/\/chambreavecvue.ch\/wordpress\/wp-json\/wp\/v2\/pages"}],"about":[{"href":"https:\/\/chambreavecvue.ch\/wordpress\/wp-json\/wp\/v2\/types\/page"}],"author":[{"embeddable":true,"href":"https:\/\/chambreavecvue.ch\/wordpress\/wp-json\/wp\/v2\/users\/1"}],"replies":[{"embeddable":true,"href":"https:\/\/chambreavecvue.ch\/wordpress\/wp-json\/wp\/v2\/comments?post=49"}],"version-history":[{"count":17,"href":"https:\/\/chambreavecvue.ch\/wordpress\/wp-json\/wp\/v2\/pages\/49\/revisions"}],"predecessor-version":[{"id":642,"href":"https:\/\/chambreavecvue.ch\/wordpress\/wp-json\/wp\/v2\/pages\/49\/revisions\/642"}],"wp:attachment":[{"href":"https:\/\/chambreavecvue.ch\/wordpress\/wp-json\/wp\/v2\/media?parent=49"}],"curies":[{"name":"wp","href":"https:\/\/api.w.org\/{rel}","templated":true}]}}