{"id":369,"date":"2022-02-21T15:14:49","date_gmt":"2022-02-21T15:14:49","guid":{"rendered":"https:\/\/chambreavecvue.ch\/wordpress\/?page_id=369"},"modified":"2022-03-17T13:46:43","modified_gmt":"2022-03-17T13:46:43","slug":"die-umgebung","status":"publish","type":"page","link":"https:\/\/chambreavecvue.ch\/wordpress\/de\/die-umgebung\/","title":{"rendered":"Die Umgebung"},"content":{"rendered":"\n<div class=\"wp-block-group tw-mb-8 tw-mt-0 is-style-twentytwentyone-border has-border-color has-subtle-border-color\" style=\"border-width:1px\"><div class=\"wp-block-group__inner-container is-layout-flow wp-block-group-is-layout-flow\">\n<h2 class=\"has-text-color wp-block-heading\" id=\"pourquoi-rivaz-1\" style=\"color:#88aaaa\">Die Region<\/h2>\n\n\n\n<p id=\"ete-comme-hiver-la-region-offre-une-multitude-d-activites-sportives-ou-culturelles-et-nous-vous-conseillerons-volontiers-sur-les-activites-et-balades-a-faire-dans-la-region\">Im Sommer wie im Winter bietet die Region eine Vielzahl an sportlichen oder kulturellen Aktivit\u00e4ten. Wir beraten Sie gerne, welche Aktivit\u00e4ten und Spazierg\u00e4nge Sie in der Region unternehmen k\u00f6nnen. <\/p>\n\n\n\n<p id=\"ete-comme-hiver-la-region-offre-une-multitude-d-activites-sportives-ou-culturelles-et-nous-vous-conseillerons-volontiers-sur-les-activites-et-balades-a-faire-dans-la-region\">Im Haus finden Sie zudem zahlreiche Dokumentationen, Reisef\u00fchrer und Karten, damit Sie keine Zeit verlieren, die besten Orte in der Region zu entdecken!<\/p>\n<\/div><\/div>\n\n\n\n<div class=\"wp-block-group is-style-twentytwentyone-border has-border-color has-subtle-border-color\" style=\"border-width:1px\"><div class=\"wp-block-group__inner-container is-layout-flow wp-block-group-is-layout-flow\">\n<h2 class=\"has-text-color wp-block-heading\" id=\"pourquoi-rivaz-1\" style=\"color:#88aaaa\">Wir empfehlen<\/h2>\n\n\n\n<div class=\"wp-block-columns is-layout-flex wp-container-core-columns-is-layout-d0b3c9c8 wp-block-columns-is-layout-flex\">\n<div class=\"wp-block-column is-layout-flow wp-block-column-is-layout-flow\">\n<h3 class=\"wp-block-heading\">Besichtigung<\/h3>\n\n\n\n<p><a href=\"https:\/\/www.sbb.ch\/fr\/\" target=\"_blank\" rel=\"noreferrer noopener\"> <\/a><a href=\"https:\/\/www.sbb.ch\/en\/home.html\">\u27f6 SBB<\/a><a href=\"https:\/\/www.sbb.ch\/fr\/\" target=\"_blank\" rel=\"noreferrer noopener\"><br><\/a>Zug Fahrplan &amp; Billette<\/p>\n\n\n\n<p><a href=\"https:\/\/www.montreuxriviera.com\/de\">\u27f6 Montreux Riviera<br><\/a>Entdecken Sie die Gegend um Montreux<\/p>\n\n\n\n<p><a href=\"https:\/\/www.lausanne-tourisme.ch\/de\">\u27f6 Lausanne Tourisme<\/a><br>Lausanne erleben<\/p>\n\n\n\n<p><a href=\"https:\/\/www.myswitzerland.com\/de-ch\/\">\u27f6 My Switzerland<br><\/a>Durch die ganze Schweiz reisen<\/p>\n\n\n\n<p><\/p>\n<\/div>\n\n\n\n<div class=\"wp-block-column is-layout-flow wp-block-column-is-layout-flow\">\n<h3 class=\"wp-block-heading\">Weinberge<\/h3>\n\n\n\n<p><a href=\"https:\/\/www.domaine-ruchonnet.ch\/\" target=\"_blank\" rel=\"noreferrer noopener\">\u27f6 Domaine Ruchonnet<\/a><br>Rivaz<\/p>\n\n\n\n<p><a href=\"https:\/\/www.domainemonachon.com\/\" target=\"_blank\" rel=\"noreferrer noopener\">\u27f6 Domaine Monachon<\/a><br>Rivaz<\/p>\n\n\n\n<p><a href=\"https:\/\/www.domainedesdeserts.ch\/\" target=\"_blank\" rel=\"noreferrer noopener\">\u27f6 Domaine des D\u00e9serts<\/a><br>Rivaz<\/p>\n\n\n\n<p><a href=\"http:\/\/www.domainechappuis.ch\/\" target=\"_blank\" rel=\"noreferrer noopener\">\u27f6 Domaine Chappuis<\/a><br>Rivaz<\/p>\n\n\n\n<p><\/p>\n<\/div>\n\n\n\n<div class=\"wp-block-column is-layout-flow wp-block-column-is-layout-flow\">\n<h3 class=\"wp-block-heading\">Restaurants<\/h3>\n\n\n\n<p><a href=\"https:\/\/www.alademilune.ch\/\" target=\"_blank\" rel=\"noreferrer noopener\">\u27f6 \u00c0 la Demi-Lune<\/a><br>Chardonne<\/p>\n\n\n\n<p><a href=\"https:\/\/www.zefork.ch\/\">\u27f6 Ze Fork on the Water<\/a><br>Vevey<\/p>\n\n\n\n<p><a href=\"https:\/\/www.aubergeduvigneron.ch\/\">\u27f6 Auberge du Vigneron<\/a><br>Epesses<\/p>\n<\/div>\n<\/div>\n<\/div><\/div>\n\n\n\nngg_shortcode_0_placeholder\n","protected":false},"excerpt":{"rendered":"<p>Die Region Im Sommer wie im Winter bietet die Region eine Vielzahl an sportlichen oder kulturellen Aktivit\u00e4ten. Wir beraten Sie gerne, welche Aktivit\u00e4ten und Spazierg\u00e4nge Sie in der Region unternehmen k\u00f6nnen. Im Haus finden Sie zudem zahlreiche Dokumentationen, Reisef\u00fchrer und Karten, damit Sie keine Zeit verlieren, die besten Orte in der Region zu entdecken! Wir&hellip; <a class=\"more-link\" href=\"https:\/\/chambreavecvue.ch\/wordpress\/de\/die-umgebung\/\">Poursuivre la lecture <span class=\"screen-reader-text\">Die Umgebung<\/span><\/a><\/p>\n","protected":false},"author":1,"featured_media":0,"parent":0,"menu_order":0,"comment_status":"closed","ping_status":"closed","template":"tw-no-title.php","meta":{"ngg_post_thumbnail":0,"footnotes":"","_links_to":"","_links_to_target":""},"class_list":["post-369","page","type-page","status-publish","hentry","entry"],"yoast_head":"<!-- This site is optimized with the Yoast SEO plugin v27.5 - https:\/\/yoast.com\/product\/yoast-seo-wordpress\/ -->\n<title>Die Umgebung - Chambre avec vue<\/title>\n<meta name=\"description\" content=\"Im Sommer wie im Winter bietet das Lavaux eine Vielzahl sportlichen oder kulturellen Aktivit\u00e4ten. In der N\u00e4he von Montreux und Lausanne.\" \/>\n<meta name=\"robots\" content=\"index, follow, max-snippet:-1, max-image-preview:large, max-video-preview:-1\" \/>\n<link rel=\"canonical\" href=\"https:\/\/chambreavecvue.ch\/wordpress\/de\/die-umgebung\/\" \/>\n<meta property=\"og:locale\" content=\"fr_FR\" \/>\n<meta property=\"og:type\" content=\"article\" \/>\n<meta property=\"og:title\" content=\"Die Umgebung - Chambre avec vue\" \/>\n<meta property=\"og:description\" content=\"Im Sommer wie im Winter bietet das Lavaux eine Vielzahl sportlichen oder kulturellen Aktivit\u00e4ten. In der N\u00e4he von Montreux und Lausanne.\" \/>\n<meta property=\"og:url\" content=\"https:\/\/chambreavecvue.ch\/wordpress\/de\/die-umgebung\/\" \/>\n<meta property=\"og:site_name\" content=\"Chambre avec vue\" \/>\n<meta property=\"article:modified_time\" content=\"2022-03-17T13:46:43+00:00\" \/>\n<meta name=\"twitter:card\" content=\"summary_large_image\" \/>\n<meta name=\"twitter:label1\" content=\"Dur\u00e9e de lecture estim\u00e9e\" \/>\n\t<meta name=\"twitter:data1\" content=\"1 minute\" \/>\n<script type=\"application\/ld+json\" class=\"yoast-schema-graph\">{\"@context\":\"https:\\\/\\\/schema.org\",\"@graph\":[{\"@type\":\"WebPage\",\"@id\":\"https:\\\/\\\/chambreavecvue.ch\\\/wordpress\\\/de\\\/die-umgebung\\\/\",\"url\":\"https:\\\/\\\/chambreavecvue.ch\\\/wordpress\\\/de\\\/die-umgebung\\\/\",\"name\":\"Die Umgebung - Chambre avec vue\",\"isPartOf\":{\"@id\":\"https:\\\/\\\/chambreavecvue.ch\\\/wordpress\\\/#website\"},\"datePublished\":\"2022-02-21T15:14:49+00:00\",\"dateModified\":\"2022-03-17T13:46:43+00:00\",\"description\":\"Im Sommer wie im Winter bietet das Lavaux eine Vielzahl sportlichen oder kulturellen Aktivit\u00e4ten. In der N\u00e4he von Montreux und Lausanne.\",\"breadcrumb\":{\"@id\":\"https:\\\/\\\/chambreavecvue.ch\\\/wordpress\\\/de\\\/die-umgebung\\\/#breadcrumb\"},\"inLanguage\":\"fr-FR\",\"potentialAction\":[{\"@type\":\"ReadAction\",\"target\":[\"https:\\\/\\\/chambreavecvue.ch\\\/wordpress\\\/de\\\/die-umgebung\\\/\"]}]},{\"@type\":\"BreadcrumbList\",\"@id\":\"https:\\\/\\\/chambreavecvue.ch\\\/wordpress\\\/de\\\/die-umgebung\\\/#breadcrumb\",\"itemListElement\":[{\"@type\":\"ListItem\",\"position\":1,\"name\":\"Home\",\"item\":\"https:\\\/\\\/chambreavecvue.ch\\\/wordpress\\\/\"},{\"@type\":\"ListItem\",\"position\":2,\"name\":\"Die Umgebung\"}]},{\"@type\":\"WebSite\",\"@id\":\"https:\\\/\\\/chambreavecvue.ch\\\/wordpress\\\/#website\",\"url\":\"https:\\\/\\\/chambreavecvue.ch\\\/wordpress\\\/\",\"name\":\"Chambre avec vue\",\"description\":\"Location de vacances en Lavaux\",\"publisher\":{\"@id\":\"https:\\\/\\\/chambreavecvue.ch\\\/wordpress\\\/#organization\"},\"potentialAction\":[{\"@type\":\"SearchAction\",\"target\":{\"@type\":\"EntryPoint\",\"urlTemplate\":\"https:\\\/\\\/chambreavecvue.ch\\\/wordpress\\\/?s={search_term_string}\"},\"query-input\":{\"@type\":\"PropertyValueSpecification\",\"valueRequired\":true,\"valueName\":\"search_term_string\"}}],\"inLanguage\":\"fr-FR\"},{\"@type\":\"Organization\",\"@id\":\"https:\\\/\\\/chambreavecvue.ch\\\/wordpress\\\/#organization\",\"name\":\"Chambre avec vue\",\"url\":\"https:\\\/\\\/chambreavecvue.ch\\\/wordpress\\\/\",\"logo\":{\"@type\":\"ImageObject\",\"inLanguage\":\"fr-FR\",\"@id\":\"https:\\\/\\\/chambreavecvue.ch\\\/wordpress\\\/#\\\/schema\\\/logo\\\/image\\\/\",\"url\":\"https:\\\/\\\/chambreavecvue.ch\\\/wordpress\\\/wp-content\\\/uploads\\\/2022\\\/02\\\/chambreavecvue_logo_clr.png\",\"contentUrl\":\"https:\\\/\\\/chambreavecvue.ch\\\/wordpress\\\/wp-content\\\/uploads\\\/2022\\\/02\\\/chambreavecvue_logo_clr.png\",\"width\":800,\"height\":473,\"caption\":\"Chambre avec vue\"},\"image\":{\"@id\":\"https:\\\/\\\/chambreavecvue.ch\\\/wordpress\\\/#\\\/schema\\\/logo\\\/image\\\/\"},\"sameAs\":[\"https:\\\/\\\/www.instagram.com\\\/chambreavecvue.ch\"]}]}<\/script>\n<!-- \/ Yoast SEO plugin. -->","yoast_head_json":{"title":"Die Umgebung - Chambre avec vue","description":"Im Sommer wie im Winter bietet das Lavaux eine Vielzahl sportlichen oder kulturellen Aktivit\u00e4ten. In der N\u00e4he von Montreux und Lausanne.","robots":{"index":"index","follow":"follow","max-snippet":"max-snippet:-1","max-image-preview":"max-image-preview:large","max-video-preview":"max-video-preview:-1"},"canonical":"https:\/\/chambreavecvue.ch\/wordpress\/de\/die-umgebung\/","og_locale":"fr_FR","og_type":"article","og_title":"Die Umgebung - Chambre avec vue","og_description":"Im Sommer wie im Winter bietet das Lavaux eine Vielzahl sportlichen oder kulturellen Aktivit\u00e4ten. In der N\u00e4he von Montreux und Lausanne.","og_url":"https:\/\/chambreavecvue.ch\/wordpress\/de\/die-umgebung\/","og_site_name":"Chambre avec vue","article_modified_time":"2022-03-17T13:46:43+00:00","twitter_card":"summary_large_image","twitter_misc":{"Dur\u00e9e de lecture estim\u00e9e":"1 minute"},"schema":{"@context":"https:\/\/schema.org","@graph":[{"@type":"WebPage","@id":"https:\/\/chambreavecvue.ch\/wordpress\/de\/die-umgebung\/","url":"https:\/\/chambreavecvue.ch\/wordpress\/de\/die-umgebung\/","name":"Die Umgebung - Chambre avec vue","isPartOf":{"@id":"https:\/\/chambreavecvue.ch\/wordpress\/#website"},"datePublished":"2022-02-21T15:14:49+00:00","dateModified":"2022-03-17T13:46:43+00:00","description":"Im Sommer wie im Winter bietet das Lavaux eine Vielzahl sportlichen oder kulturellen Aktivit\u00e4ten. In der N\u00e4he von Montreux und Lausanne.","breadcrumb":{"@id":"https:\/\/chambreavecvue.ch\/wordpress\/de\/die-umgebung\/#breadcrumb"},"inLanguage":"fr-FR","potentialAction":[{"@type":"ReadAction","target":["https:\/\/chambreavecvue.ch\/wordpress\/de\/die-umgebung\/"]}]},{"@type":"BreadcrumbList","@id":"https:\/\/chambreavecvue.ch\/wordpress\/de\/die-umgebung\/#breadcrumb","itemListElement":[{"@type":"ListItem","position":1,"name":"Home","item":"https:\/\/chambreavecvue.ch\/wordpress\/"},{"@type":"ListItem","position":2,"name":"Die Umgebung"}]},{"@type":"WebSite","@id":"https:\/\/chambreavecvue.ch\/wordpress\/#website","url":"https:\/\/chambreavecvue.ch\/wordpress\/","name":"Chambre avec vue","description":"Location de vacances en Lavaux","publisher":{"@id":"https:\/\/chambreavecvue.ch\/wordpress\/#organization"},"potentialAction":[{"@type":"SearchAction","target":{"@type":"EntryPoint","urlTemplate":"https:\/\/chambreavecvue.ch\/wordpress\/?s={search_term_string}"},"query-input":{"@type":"PropertyValueSpecification","valueRequired":true,"valueName":"search_term_string"}}],"inLanguage":"fr-FR"},{"@type":"Organization","@id":"https:\/\/chambreavecvue.ch\/wordpress\/#organization","name":"Chambre avec vue","url":"https:\/\/chambreavecvue.ch\/wordpress\/","logo":{"@type":"ImageObject","inLanguage":"fr-FR","@id":"https:\/\/chambreavecvue.ch\/wordpress\/#\/schema\/logo\/image\/","url":"https:\/\/chambreavecvue.ch\/wordpress\/wp-content\/uploads\/2022\/02\/chambreavecvue_logo_clr.png","contentUrl":"https:\/\/chambreavecvue.ch\/wordpress\/wp-content\/uploads\/2022\/02\/chambreavecvue_logo_clr.png","width":800,"height":473,"caption":"Chambre avec vue"},"image":{"@id":"https:\/\/chambreavecvue.ch\/wordpress\/#\/schema\/logo\/image\/"},"sameAs":["https:\/\/www.instagram.com\/chambreavecvue.ch"]}]}},"_links":{"self":[{"href":"https:\/\/chambreavecvue.ch\/wordpress\/wp-json\/wp\/v2\/pages\/369","targetHints":{"allow":["GET"]}}],"collection":[{"href":"https:\/\/chambreavecvue.ch\/wordpress\/wp-json\/wp\/v2\/pages"}],"about":[{"href":"https:\/\/chambreavecvue.ch\/wordpress\/wp-json\/wp\/v2\/types\/page"}],"author":[{"embeddable":true,"href":"https:\/\/chambreavecvue.ch\/wordpress\/wp-json\/wp\/v2\/users\/1"}],"replies":[{"embeddable":true,"href":"https:\/\/chambreavecvue.ch\/wordpress\/wp-json\/wp\/v2\/comments?post=369"}],"version-history":[{"count":4,"href":"https:\/\/chambreavecvue.ch\/wordpress\/wp-json\/wp\/v2\/pages\/369\/revisions"}],"predecessor-version":[{"id":640,"href":"https:\/\/chambreavecvue.ch\/wordpress\/wp-json\/wp\/v2\/pages\/369\/revisions\/640"}],"wp:attachment":[{"href":"https:\/\/chambreavecvue.ch\/wordpress\/wp-json\/wp\/v2\/media?parent=369"}],"curies":[{"name":"wp","href":"https:\/\/api.w.org\/{rel}","templated":true}]}}

<div class="wp-block-group tw-mb-8 tw-mt-0 is-style-twentytwentyone-border has-border-color has-subtle-border-color" style="border-width:1px"><div class="wp-block-group__inner-container is-layout-flow wp-block-group-is-layout-flow">
<h2 class="has-text-color wp-block-heading" id="pourquoi-rivaz-1" style="color:#88aaaa">Die Region</h2>



<p id="ete-comme-hiver-la-region-offre-une-multitude-d-activites-sportives-ou-culturelles-et-nous-vous-conseillerons-volontiers-sur-les-activites-et-balades-a-faire-dans-la-region">Im Sommer wie im Winter bietet die Region eine Vielzahl an sportlichen oder kulturellen Aktivitäten. Wir beraten Sie gerne, welche Aktivitäten und Spaziergänge Sie in der Region unternehmen können. </p>



<p id="ete-comme-hiver-la-region-offre-une-multitude-d-activites-sportives-ou-culturelles-et-nous-vous-conseillerons-volontiers-sur-les-activites-et-balades-a-faire-dans-la-region">Im Haus finden Sie zudem zahlreiche Dokumentationen, Reiseführer und Karten, damit Sie keine Zeit verlieren, die besten Orte in der Region zu entdecken!</p>
</div></div>



<div class="wp-block-group is-style-twentytwentyone-border has-border-color has-subtle-border-color" style="border-width:1px"><div class="wp-block-group__inner-container is-layout-flow wp-block-group-is-layout-flow">
<h2 class="has-text-color wp-block-heading" id="pourquoi-rivaz-1" style="color:#88aaaa">Wir empfehlen</h2>



<div class="wp-block-columns is-layout-flex wp-container-core-columns-is-layout-d0b3c9c8 wp-block-columns-is-layout-flex">
<div class="wp-block-column is-layout-flow wp-block-column-is-layout-flow">
<h3 class="wp-block-heading">Besichtigung</h3>



<p><a href="https://www.sbb.ch/fr/" target="_blank" rel="noreferrer noopener"> </a><a href="https://www.sbb.ch/en/home.html">⟶ SBB</a><a href="https://www.sbb.ch/fr/" target="_blank" rel="noreferrer noopener"><br></a>Zug Fahrplan &amp; Billette</p>



<p><a href="https://www.montreuxriviera.com/de">⟶ Montreux Riviera<br></a>Entdecken Sie die Gegend um Montreux</p>



<p><a href="https://www.lausanne-tourisme.ch/de">⟶ Lausanne Tourisme</a><br>Lausanne erleben</p>



<p><a href="https://www.myswitzerland.com/de-ch/">⟶ My Switzerland<br></a>Durch die ganze Schweiz reisen</p>



<p></p>
</div>



<div class="wp-block-column is-layout-flow wp-block-column-is-layout-flow">
<h3 class="wp-block-heading">Weinberge</h3>



<p><a href="https://www.domaine-ruchonnet.ch/" target="_blank" rel="noreferrer noopener">⟶ Domaine Ruchonnet</a><br>Rivaz</p>



<p><a href="https://www.domainemonachon.com/" target="_blank" rel="noreferrer noopener">⟶ Domaine Monachon</a><br>Rivaz</p>



<p><a href="https://www.domainedesdeserts.ch/" target="_blank" rel="noreferrer noopener">⟶ Domaine des Déserts</a><br>Rivaz</p>



<p><a href="http://www.domainechappuis.ch/" target="_blank" rel="noreferrer noopener">⟶ Domaine Chappuis</a><br>Rivaz</p>



<p></p>
</div>



<div class="wp-block-column is-layout-flow wp-block-column-is-layout-flow">
<h3 class="wp-block-heading">Restaurants</h3>



<p><a href="https://www.alademilune.ch/" target="_blank" rel="noreferrer noopener">⟶ À la Demi-Lune</a><br>Chardonne</p>



<p><a href="https://www.zefork.ch/">⟶ Ze Fork on the Water</a><br>Vevey</p>



<p><a href="https://www.aubergeduvigneron.ch/">⟶ Auberge du Vigneron</a><br>Epesses</p>
</div>
</div>
</div></div>



ngg_shortcode_0_placeholder

<p>Die Region Im Sommer wie im Winter bietet die Region eine Vielzahl an sportlichen oder kulturellen Aktivitäten. Wir beraten Sie gerne, welche Aktivitäten und Spaziergänge Sie in der Region unternehmen können. Im Haus finden Sie zudem zahlreiche Dokumentationen, Reiseführer und Karten, damit Sie keine Zeit verlieren, die besten Orte in der Region zu entdecken! Wir&hellip; <a class="more-link" href="https://chambreavecvue.ch/wordpress/de/die-umgebung/">Poursuivre la lecture <span class="screen-reader-text">Die Umgebung</span></a></p>

<!-- This site is optimized with the Yoast SEO plugin v27.5 - https://yoast.com/product/yoast-seo-wordpress/ -->
<title>Die Umgebung - Chambre avec vue</title>
<meta name="description" content="Im Sommer wie im Winter bietet das Lavaux eine Vielzahl sportlichen oder kulturellen Aktivitäten. In der Nähe von Montreux und Lausanne." />
<meta name="robots" content="index, follow, max-snippet:-1, max-image-preview:large, max-video-preview:-1" />
<link rel="canonical" href="https://chambreavecvue.ch/wordpress/de/die-umgebung/" />
<meta property="og:locale" content="fr_FR" />
<meta property="og:type" content="article" />
<meta property="og:title" content="Die Umgebung - Chambre avec vue" />
<meta property="og:description" content="Im Sommer wie im Winter bietet das Lavaux eine Vielzahl sportlichen oder kulturellen Aktivitäten. In der Nähe von Montreux und Lausanne." />
<meta property="og:url" content="https://chambreavecvue.ch/wordpress/de/die-umgebung/" />
<meta property="og:site_name" content="Chambre avec vue" />
<meta property="article:modified_time" content="2022-03-17T13:46:43+00:00" />
<meta name="twitter:card" content="summary_large_image" />
<meta name="twitter:label1" content="Durée de lecture estimée" />
	<meta name="twitter:data1" content="1 minute" />
<script type="application/ld+json" class="yoast-schema-graph">{"@context":"https:\/\/schema.org","@graph":[{"@type":"WebPage","@id":"https:\/\/chambreavecvue.ch\/wordpress\/de\/die-umgebung\/","url":"https:\/\/chambreavecvue.ch\/wordpress\/de\/die-umgebung\/","name":"Die Umgebung - Chambre avec vue","isPartOf":{"@id":"https:\/\/chambreavecvue.ch\/wordpress\/#website"},"datePublished":"2022-02-21T15:14:49+00:00","dateModified":"2022-03-17T13:46:43+00:00","description":"Im Sommer wie im Winter bietet das Lavaux eine Vielzahl sportlichen oder kulturellen Aktivitäten. In der Nähe von Montreux und Lausanne.","breadcrumb":{"@id":"https:\/\/chambreavecvue.ch\/wordpress\/de\/die-umgebung\/#breadcrumb"},"inLanguage":"fr-FR","potentialAction":[{"@type":"ReadAction","target":["https:\/\/chambreavecvue.ch\/wordpress\/de\/die-umgebung\/"]}]},{"@type":"BreadcrumbList","@id":"https:\/\/chambreavecvue.ch\/wordpress\/de\/die-umgebung\/#breadcrumb","itemListElement":[{"@type":"ListItem","position":1,"name":"Home","item":"https:\/\/chambreavecvue.ch\/wordpress\/"},{"@type":"ListItem","position":2,"name":"Die Umgebung"}]},{"@type":"WebSite","@id":"https:\/\/chambreavecvue.ch\/wordpress\/#website","url":"https:\/\/chambreavecvue.ch\/wordpress\/","name":"Chambre avec vue","description":"Location de vacances en Lavaux","publisher":{"@id":"https:\/\/chambreavecvue.ch\/wordpress\/#organization"},"potentialAction":[{"@type":"SearchAction","target":{"@type":"EntryPoint","urlTemplate":"https:\/\/chambreavecvue.ch\/wordpress\/?s={search_term_string}"},"query-input":{"@type":"PropertyValueSpecification","valueRequired":true,"valueName":"search_term_string"}}],"inLanguage":"fr-FR"},{"@type":"Organization","@id":"https:\/\/chambreavecvue.ch\/wordpress\/#organization","name":"Chambre avec vue","url":"https:\/\/chambreavecvue.ch\/wordpress\/","logo":{"@type":"ImageObject","inLanguage":"fr-FR","@id":"https:\/\/chambreavecvue.ch\/wordpress\/#\/schema\/logo\/image\/","url":"https:\/\/chambreavecvue.ch\/wordpress\/wp-content\/uploads\/2022\/02\/chambreavecvue_logo_clr.png","contentUrl":"https:\/\/chambreavecvue.ch\/wordpress\/wp-content\/uploads\/2022\/02\/chambreavecvue_logo_clr.png","width":800,"height":473,"caption":"Chambre avec vue"},"image":{"@id":"https:\/\/chambreavecvue.ch\/wordpress\/#\/schema\/logo\/image\/"},"sameAs":["https:\/\/www.instagram.com\/chambreavecvue.ch"]}]}</script>
<!-- / Yoast SEO plugin. -->

Im Sommer wie im Winter bietet das Lavaux eine Vielzahl sportlichen oder kulturellen Aktivitäten. In der Nähe von Montreux und Lausanne.
